{"id":184,"date":"2019-09-26T19:57:00","date_gmt":"2019-09-26T19:57:00","guid":{"rendered":"http:\/\/xn--cabaasvillaadelina-q0b.com.ar\/?page_id=184"},"modified":"2022-11-18T10:04:25","modified_gmt":"2022-11-18T13:04:25","slug":"inicio","status":"publish","type":"page","link":"https:\/\/caba\u00f1asvillaadelina.com.ar\/","title":{"rendered":"Inicio"},"content":{"rendered":"<p>Predio enclavado al inicio del acceso norte a la ciudad de Paran\u00e1, a s\u00f3lo 15 minutos de su centro c\u00edvico-comercial. De f\u00e1cil acceso, a la vera de la ruta nacional N\u00b0 12, sobre el corredor termal.<\/p>\n<p>El complejo de caba\u00f1as Villa Adelina, perimetralmente protegido, es un lugar de recreaci\u00f3n y descanso en un ambiente natural, con espacios verdes, sombra y todo lo necesario para disfrutar c\u00f3modamente en familia o con amigos.<\/p>\n\n\nngg_shortcode_0_placeholder\n","protected":false},"excerpt":{"rendered":"<p>Predio enclavado al inicio del acceso norte a la ciudad de Paran\u00e1, a s\u00f3lo 15 minutos de su centro c\u00edvico-comercial. De f\u00e1cil acceso, a la vera de la ruta nacional N\u00b0 12, sobre el corredor termal. El complejo de caba\u00f1as Villa Adelina, perimetralmente protegido, es un lugar de recreaci\u00f3n y descanso en un ambiente natural,&hellip; <br \/> <a class=\"read-more\" href=\"https:\/\/caba\u00f1asvillaadelina.com.ar\/\">Leer m\u00e1s<\/a><\/p>\n","protected":false},"author":1,"featured_media":0,"parent":0,"menu_order":0,"comment_status":"closed","ping_status":"closed","template":"","meta":{"ngg_post_thumbnail":0,"footnotes":""},"class_list":["post-184","page","type-page","status-publish","hentry"],"_links":{"self":[{"href":"https:\/\/caba\u00f1asvillaadelina.com.ar\/index.php?rest_route=\/wp\/v2\/pages\/184","targetHints":{"allow":["GET"]}}],"collection":[{"href":"https:\/\/caba\u00f1asvillaadelina.com.ar\/index.php?rest_route=\/wp\/v2\/pages"}],"about":[{"href":"https:\/\/caba\u00f1asvillaadelina.com.ar\/index.php?rest_route=\/wp\/v2\/types\/page"}],"author":[{"embeddable":true,"href":"https:\/\/caba\u00f1asvillaadelina.com.ar\/index.php?rest_route=\/wp\/v2\/users\/1"}],"replies":[{"embeddable":true,"href":"https:\/\/caba\u00f1asvillaadelina.com.ar\/index.php?rest_route=%2Fwp%2Fv2%2Fcomments&post=184"}],"version-history":[{"count":3,"href":"https:\/\/caba\u00f1asvillaadelina.com.ar\/index.php?rest_route=\/wp\/v2\/pages\/184\/revisions"}],"predecessor-version":[{"id":353,"href":"https:\/\/caba\u00f1asvillaadelina.com.ar\/index.php?rest_route=\/wp\/v2\/pages\/184\/revisions\/353"}],"wp:attachment":[{"href":"https:\/\/caba\u00f1asvillaadelina.com.ar\/index.php?rest_route=%2Fwp%2Fv2%2Fmedia&parent=184"}],"curies":[{"name":"wp","href":"https:\/\/api.w.org\/{rel}","templated":true}]}}

https://cabañasvillaadelina.com.ar/

<p>Predio enclavado al inicio del acceso norte a la ciudad de Paraná, a sólo 15 minutos de su centro cívico-comercial. De fácil acceso, a la vera de la ruta nacional N° 12, sobre el corredor termal.</p>
<p>El complejo de cabañas Villa Adelina, perimetralmente protegido, es un lugar de recreación y descanso en un ambiente natural, con espacios verdes, sombra y todo lo necesario para disfrutar cómodamente en familia o con amigos.</p>


ngg_shortcode_0_placeholder

<p>Predio enclavado al inicio del acceso norte a la ciudad de Paraná, a sólo 15 minutos de su centro cívico-comercial. De fácil acceso, a la vera de la ruta nacional N° 12, sobre el corredor termal. El complejo de cabañas Villa Adelina, perimetralmente protegido, es un lugar de recreación y descanso en un ambiente natural,&hellip; <br /> <a class="read-more" href="https://cabañasvillaadelina.com.ar/">Leer más</a></p>

https://cabañasvillaadelina.com.ar/index.php?rest_route=/wp/v2/pages/184

https://cabañasvillaadelina.com.ar/index.php?rest_route=/wp/v2/pages

https://cabañasvillaadelina.com.ar/index.php?rest_route=/wp/v2/types/page

https://cabañasvillaadelina.com.ar/index.php?rest_route=/wp/v2/users/1

https://cabañasvillaadelina.com.ar/index.php?rest_route=%2Fwp%2Fv2%2Fcomments&post=184

https://cabañasvillaadelina.com.ar/index.php?rest_route=/wp/v2/pages/184/revisions

https://cabañasvillaadelina.com.ar/index.php?rest_route=/wp/v2/pages/184/revisions/353

https://cabañasvillaadelina.com.ar/index.php?rest_route=%2Fwp%2Fv2%2Fmedia&parent=184
